 j a composite number?
True
Suppose 702*a + 41755 = 707*a. Is a a composite number?
True
Let r = 4645 + -2142. Is r composite?
False
Let w be 0*(-2 - 6/(-4)). Suppose w = 3*s + n - 211, 140 = 2*s + 2*n - n. Is s prime?
True
Suppose 0 = 4*k + 8, -4*f + 5*k + 74555 = f. Is f composite?
True
Suppose -4*y = -19 + 139. Let p = 31 + y. Let f = p + 25. Is f a composite number?
True
Let t = 3053 - -10340. Is t prime?
False
Suppose -2*g - v - 13409 = -6*g, 2*v = 2*g - 6700. Is g a prime number?
False
Suppose -5*v + 1164 + 121 = 0. Suppose p - 2*p + v = 0. Is p a composite number?
False
Let z = -604 + 859. Suppose 4*s - 3*w + 490 = 0, -340 = 5*s + w + 282. Let k = z + s. Is k a prime number?
True
Suppose -b + 226 = 1181. Is b/(-15)*(-6)/(-2) composite?
False
Let f = 3684 + -2353. Suppose n = 5*y - f, -3*y - 5*n = -267 - 526. Suppose 9*g = 11*g - y. Is g a prime number?
False
Let u = 8 + -8. Suppose -4*f + u = -4. Let w(z) = 78*z**3 - 2*z**2 + z. Is w(f) a prime number?
False
Is (-70065 - -19)*(-2)/4 a composite number?
False
Let d(b) = -8*b**3 - 19*b**2 - 30*b - 6. Is d(-7) a prime number?
True
Suppose 977 = 3*g - 4*b, 4*b = g + 5*b - 335. Suppose -2*a + 403 = -g. Is a a prime number?
True
Let s(v) = 323*v**3 + 2*v**2 - 5*v + 3. Suppose -12 = h - 13*h. Is s(h) prime?
False
Suppose 3*k = -2*k + 91985. Is k a prime number?
True
Let v be (-2)/(-6 + -1 + 6). Is (8 + -7)/(v/2084) composite?
True
Suppose -2*a + a = 3*m - 122, 5*m = -2*a + 244. Is a a composite number?
True
Suppose 5*h + 54*h = 1006835. Is h prime?
False
Let v(a) = 2*a**3 - a**2 + 4*a - 3. Let j be v(1). Suppose 0 = 3*c - j*r - 9509, -5*r = 5*c - 17019 + 1129. Is c prime?
False
Let j(w) be the second derivative of -w**5/20 - 5*w**4/4 + w**3/3 - 33*w**2/2 - 18*w. Is j(-16) composite?
False
Suppose 0 = w - 12 + 4. Let h = 2 + w. Suppose 0*b + 1229 = 3*x - 4*b, 0 = -5*b - h. Is x composite?
True
Is (-3 + 10)/((-4)/(-53468)) a prime number?
False
Is 0 + 6 + 8 + 2735 a prime number?
True
Let j = 3 + 1. Suppose 2*w + j = 6*w. Is w/2*(374 + 8) a composite number?
False
Suppose -64*c = -53*c - 23419. Is c prime?
True
Suppose -3*k - 2*b = 484, 3*k = 5*k + 2*b + 324. Let w = -4 - k. Let c = w + -67. Is c a prime number?
True
Suppose 5*o + 4*j = 3065 + 532, 5*o + 5*j = 3600. Let h = 1901 + -879. Let y = h - o. Is y a composite number?
True
Let r be 1 + 13/4 - 8/32. Suppose r*h + 243 = 22279. Is h composite?
True
Suppose -18611 = -26*a + 84011. Is a a composite number?
False
Suppose -9*u = -18689 - 169510. Is u prime?
False
Let z = 339 - 200. Suppose 14 = a - 4*h, -4*a + 10 = -2*h - 4. Suppose -d - 5*w = -z, 4*w - 290 = -0*d - a*d. Is d prime?
True
Is ((-2)/6)/(1/(-6999)) prime?
True
Let b be (-2)/(-8) - (-62)/8. Suppose 402 + 3526 = b*k. Is k prime?
True
Let w(t) = 66*t**2 - 104*t + 1. Is w(4) a composite number?
False
Let h(f) = 426*f + 11. Is h(17) prime?
True
Let x be (-534 - -24)*4/(-6)*1. Suppose 0*p = -5*p + 15. Suppose t + 4*v = 105, 4*v = p*t + t - x. Is t a prime number?
True
Is 2234*1/(-6)*-3 a prime number?
True
Suppose 55730 - 136527 = -43*m. Is m prime?
True
Suppose 0*r = -10*r + 950. Let a = r - 37. Is a a composite number?
True
Suppose 85 = -5*h - 9*f + 4*f, -5*h - 4*f - 81 = 0. Is 29662/26 - (28/h - -2) prime?
False
Let a(q) be the third derivative of -q**8/6720 - q**6/144 - q**5/40 + q**4/24 + 2*q**2. Let l(u) be the second derivative of a(u). Is l(-3) composite?
True
Suppose 4*p = -l + 1149, -208*l - p = -209*l + 1139. Is l composite?
True
Let y(r) = 8*r**2 - 5*r + 49. Is y(12) prime?
False
Let f(a) be the second derivative of 1/3*a**3 + 7/2*a**2 + 1/3*a**4 + a + 0 - 1/2*a**5. Is f(-3) a prime number?
True
Let v(j) = j**2 - j + 1. Let x(i) = -19*i**2 + 5*i + 4. Let d(q) = 3*v(q) + x(q). Let b(r) be the first derivative of d(r). Is b(-1) a prime number?
False
Suppose -5*s - 4 + 3 = -y, 5 = 5*y - 3*s. Let o(f) = 5*f - 2. Let j be o(y). Is 250*(4 - j) - 3 a composite number?
True
Is (-8852)/(-12) - (-20)/(-30) a composite number?
True
Let y(s) be the third derivative of s**4/6 + s**3/6 + s**2 - 4*s. Let q = 7 + 2. Is y(q) prime?
True
Let d be 0 - 0 - 7/(-7). Let o = -25 + d. Let m = 91 + o. Is m a composite number?
False
Suppose j - 38 = -2*j + 2*r, 4*j + 2*r = 74. Is (1 + 3)*3604/j a composite number?
True
Suppose 2*k = 4*j - 0*j - 4, 5*k - 2*j - 6 = 0. Suppose -3*u - 3*z + k = -13, -2 = -4*u + 5*z. Suppose 2*l + 4*g + 518 = 4*l, -3*l + 786 = -u*g. Is l prime?
False
Let s = -229 - -158. Let h = s - -127. Is h - (0 - 1)*1 a prime number?
False
Let u = 208496 + -64017. Is u a composite number?
False
Let v(l) = 164*l**2 + 3*l - 7. Is v(3) composite?
True
Suppose 4*x - 11 = 5. Suppose 3*j = x + 14. Let l(i) = 23*i + 7. Is l(j) composite?
True
Let o be 7 + (-7 + 2 - -2). Suppose o*r + r + 4480 = 0. Is r/(-5) - (-2)/(-10) prime?
True
Let t(l) = -l**2 - 8*l - 10. Let o be t(-7). Is 1 + 0 + 0 + (385 - o) prime?
True
Let f = 20 - 7. Suppose 5*t + 0*t - 50 = 5*g, t - f = -2*g. Is (2 + -40)*t/(-2) a prime number?
False
Is 6/7 - 1544920/(-728) a prime number?
False
Let f be (-35)/(-2) + (-3)/6. Suppose 0 = -3*x + 7*x + 8. Let o = f + x. Is o prime?
False
Suppose -535 - 501 = -4*c. Let u = c - 6. Is u a prime number?
False
Suppose -f + 8 = 5*x, -7*f = -2*f - 4*x - 40. Suppose q - f*q = -11221. Is q prime?
False
Let f(z) = z**3 - 6*z**2 + 3*z - 15. Let s be f(6). Suppose s*j - 330 = -57. Is j composite?
True
Suppose 438236 = 43*s + 72693. Is s composite?
False
Let d be -4 - (0 - -388 - 5). Let s = 4378 - d. Is s a composite number?
True
Suppose 6*j = 3*j - 5814. Let r = -789 - j. Is r prime?
False
Let b = 20640 + -9527. Is b prime?
True
Let c(x) = 2*x**3 - 6*x**2 - 10*x - 3. Let n be c(7). Suppose -a + 2*v - 20 = -n, 4*a + 4*v = 1196. Is a a composite number?
True
Let h(n) = -n**2 - 5*n + 24. Let w be h(-8). Let d(o) = 5*o**2 - 8*o + 7. Let y be d(5). Suppose 2*k - 42 - y = w. Is k composite?
False
Let v be 2/(-4) - (-10)/4. Suppose v*q = 2 + 4. Suppose q*k + 149 = b - 86, -4*k = -5*b + 1175. Is b prime?
False
Let z(v) = 4*v**3 + 5*v**2 - 13*v - 55. Is z(12) a composite number?
True
Let f(d) = 1318*d + 187. Is f(45) prime?
True
Suppose -3404 + 9452 = -4*l - 4*o, 0 = -4*l + o - 6038. Is l/(-6) + 10/(-15) a prime number?
True
Let p be (5425 - -4)*(7 + -6). Let a = p - 2820. Is a composite?
False
Suppose 64140 = 5*i - v, -7*v - 25633 = -2*i - 2*v. Is i composite?
False
Is 8*1 - 1 - (-18198 - -4) a composite number?
True
Let h(n) = n**3 + n + 27. Let p be h(0). Let j = 48 - p. Suppose z - 14 - j = 0. Is z a prime number?
False
Is -4861*(15/(-10) + (-4)/(-8)) prime?
True
Let i = -81 - -77. Is ((-1054)/i + 1)/(6/12) a prime number?
False
Is 171/(-6)*2000/(-12) - -1 a prime number?
True
Is (-24)/(-18)*2853/6 prime?
False
Let v = 43536 - -58681. Is v a composite number?
False
Let z be (-1348)/(-12) + (-1)/3. Suppose 4*n - 1092 = z. Is n composite?
True
Suppose -4*g + 39909 = -i, 3*i = 5*g - 0*i - 49888. Is g prime?
False
Suppose i = 5*r + 11944, 3*r - 71763 = -9*i + 3*i. Is i prime?
True
Let j = -7664 - -36625. Is j prime?
True
Suppose 3*q - 5*q = -4*h - 1022, -3*h = 4*q - 2099. Is q a prime number?
True
Suppose -4*s + 35 = s. Suppose -s*u + 3*u + 56 = 0. Is u composite?
True
Let u(v) = 2*v**3 - 3*v**2 + 9*v - 11. Is u(3) prime?
True
Suppose -z - 15 = 4*h, 3*z + 4*h + 30 = 5*z. Suppose 18 = -z*r - 72. Let q = 283 - r. Is q a composite number?
True
Suppose 0 = 2*m + x - 913, 2*m = m - 4*x + 453. Suppose -4*n + 1007 + m = 0. Let f = 515 - n. Is f composite?
False
Let m be 140/(-30)*(-12)/14. Suppose 2*d - m = 6*d. Is -2949*((-4)/(-12))/d prime?
True
Let m(h) = h**2 - h + 1. Let r be m(2). Let x(j) = 328*j**2 + 2*j + 2. Let k be x(r). Suppose -4*v - 2962 = -2*p, 2*p = -0*p + 3*v + k. Is p a composite number?
True
Suppose -4*k - 3*d + 300827 = 0, -75208 = -k + 6*d - 7*d. Is k composite?
True
Let a(j) = j**2 + 5*j - 28. Let q be a(12). Let d be ((-78)/9)/(-2)*3. Let f = q - d. Is f a composite number?
False
Suppose 7*y - 3*y = -a + 45209, a = -5*y + 56512. Is y a prime number?
False
Suppose 58*h - 3123806 = 586860. Is h a composite number?
False
Suppose -i + 6093 = -0*u - 4*u, 4*u - 20 = 0. Is i prime?
True
Suppose -23*s + 20*s = 3*l - 54174, -l = -5*s - 18028. Is l a prime number?
False
Let u be (-2)/(-3)*9/6